)/(-18).
7
Let d = -44 + 56. What is the remainder when 33 is divided by d?
9
Suppose 63*p = 68*p - 65. What is the remainder when 31 is divided by p?
5
Let p(m) = 3*m**2 + 3*m + 1. Let o be p(-4). Suppose o = r + 3*a + a, -12 = -3*a. Let u = 23 + -12. What is the remainder when r is divided by u?
10
Let o = -4 - -3. Let k = o - 0. Let l = k - -9. Calculate the remainder when 22 is divided by l.
6
Suppose 196 = -3*v + 7*v. Let w = v + -35. Calculate the remainder when 41 is divided by w.
13
Suppose -j + 74 = 2*i - 5*j, -8 = 2*j. Calculate the remainder when i is divided by 12.
5
Let r(c) = -c**2 + 11*c + 4. What is the remainder when r(5) is divided by (-5*(-108)/150)/((-3)/(-10))?
10
Let a(n) = 2*n - 1. Let u be a(1). Calculate the remainder when 15 + 2 - 0/u is divided by (-6)/24 + (-25)/(-4).
5
Let p(m) be the second derivative of -3*m + 0 - 1/6*m**3 + 1/12*m**4 + 16*m**2. Calculate the remainder when p(0) is divided by 17.
15
Let b(l) be the third derivative of 7*l**5/20 - l**3/6 - l**2. Calculate the remainder when 59 is divided by b(-1).
19
Let z = -32 + 40. What is the remainder when z is divided by 6?
2
Let o(m) = -m + 9. Let p be o(5). Suppose p*k - 7 = 3*k. Calculate the remainder when 25 is divided by k.
4
Let y be (-5)/((-20)/(-8))*-1. Suppose 21 - 7 = y*q. What is the remainder when q is divided by 5?
2
Suppose -25 = -3*q - 2*q. Let z(i) = i**2 - 2*i - 5. Let f be z(4). Suppose -n + 6 = -2*l, -f*n - 2*l + 1 = -1. Calculate the remainder when q is divided by n.
1
Suppose r = -2*h + 56, 3*h + r - 84 = -2. Let j(p) = p**2 - 2. What is the remainder when h is divided by j(-3)?
5
Suppose -2*i + 49 = x, 4*x - 160 = 4*i - 3*i. Calculate the remainder when 2/(-3) + 1/6*478 is divided by x.
38
Calculate the remainder when (4 - 5) + -3 - -51 is divided by 10.
7
Let v(i) = 46*i**2 - 7*i + 10. Let u(h) = -15*h**2 + 2*h - 3. Let m(t) = -7*u(t) - 2*v(t). Calculate the remainder when 53 is divided by m(-1).
11
Calculate the remainder when 6 is divided by ((-4)/(-3))/(4/9).
0
Suppose -b + 3*b + 4*g - 26 = 0, -4*b = -g - 7. Calculate the remainder when 27 is divided by 2/(-6) + 43/b.
13
Suppose -3*h + 4*h - 6 = 0. Let c(j) = 2*j**2 - 9*j + 7. What is the remainder when c(h) is divided by 13?
12
Let c(q) = -q - 5. Let b be c(-3). Let r(i) = -i**3 + 2*i**2 + 2*i + 1. What is the remainder when 37 is divided by r(b)?
11
Let f(r) = -5*r - 3. Calculate the remainder when f(-11) is divided by 11.
8
Let l = -16 - -29. What is the remainder when 62 is divided by l?
10
Let k = -37 + 50. Calculate the remainder when 38 is divided by k.
12
Let k be (-1)/(77/39 - 2). Suppose -5*l - k = -99. Calculate the remainder when l is divided by 5.
2
Let w = -24 - -37. Calculate the remainder when 21 is divided by w.
8
Let k(u) = 3*u**3 - u**2 + u - 1. Let a be k(1). Suppose a*d + 3*o - 17 = -0*o, 2*d - 5*o = -7. Calculate the remainder when d is divided by 3.
1
Let h = -15 - -17. Calculate the remainder when h is divided by 1.
0
Suppose -98*u + 102*u - 40 = 0. What is the remainder when 54 is divided by u?
4
Let l(d) = -3*d**2 + 30*d - 8. Calculate the remainder when 56 is divided by l(9).
18
Let x(n) = -3 + 4*n - 6*n + 5 + n**3 - 3*n - n**2. Let b be x(3). Let g = b - 3. Calculate the remainder when 4 is divided by g.
0
Suppose -20 - 3 = -3*f - 2*b, 5*f - 39 = -4*b. Calculate the remainder when f is divided by 3.
1
Let q(n) = -n + 21. What is the remainder when 25 is divided by q(7)?
11
Let y = 3 - -9. Let m be 0 - ((-2)/(-1) - 55). Suppose -f + 13 = -4*s - 41, -2*f - 3*s + m = 0. What is the remainder when f is divided by y?
10
What is the remainder when 53 is divided by 6/(-33) - ((-765)/33 - -3)?
13
Let c(z) = -z**3 + 2*z**2 + 3*z + 1. What is the remainder when 42 is divided by c(-2)?
9
Let d(v) = -v**3 + 4*v**2 + 7*v - 7. Suppose -3*q + 1 = -g - 16, -4*g - 33 = -5*q. What is the remainder when q is divided by d(5)?
2
Let h = -73 + 94. Suppose -3*s + 2*i = -22, -2*s + 2*i + 28 = 2*s. What is the remainder when h is divided by s?
3
What is the remainder when (56/10)/(4/10 - 0) is divided by 5?
4
Suppose 5*t - 4*t = -4*r + 396, -r + t + 94 = 0. Let o = 179 - r. Calculate the remainder when o is divided by 14.
11
Let v(k) = -2*k + 4. Let c be v(5). Let i(l) = l**2 + 5*l - 1. What is the remainder when ((-64)/(-20))/(8/20) is divided by i(c)?
3
Let a(p) = p**3 + 4*p**2 + 4*p - 1. Let u be a(-3). Calculate the remainder when 33 is divided by 9*4/(u/(-2)).
15
Suppose -8 = g + 3*g, 2*v = 2*g + 20. Suppose 5*s = -0*s + 115. What is the remainder when s is divided by v?
7
What is the remainder when (5/(20/128))/1 is divided by 17?
15
Let v be (-680)/10 + 4/2. Let f = -97 + 189. Let i = v + f. What is the remainder when i is divided by 9?
8
Let m(y) = y**2 - 10*y + 12. Let d be m(9). Suppose 4*k - 23 = d*k. What is the remainder when k is divided by 12?
11
Suppose 11*x - 97 = 10*x. Calculate the remainder when x is divided by 27.
16
Suppose 0 = -4*g + b + 32, 5*b - b + 51 = 5*g. Let l(y) be the first derivative of 3*y**2/2 - 6*y + 3. What is the remainder when l(g) is divided by 8?
7
Let p(y) be the third derivative of -y**4/8 + 2*y**3/3 + 2*y**2. Calculate the remainder when p(-5) is divided by 10.
9
Let n(p) = p**2 + 14*p + 17. Let t be n(-13). What is the remainder when (-180)/(-4 - 0) + t is divided by 17?
15
Let y(p) = -p**3 - 2*p**2 - 3*p - 9. Let q be y(-6). Let r = q - 96. Calculate the remainder when r is divided by 30.
27
Let b = 70 + -24. Calculate the remainder when b is divided by 16.
14
Let k = -22 - -96. What is the remainder when k is divided by 19?
17
Suppose 5*y - 335 = -0*y + c, 4*c = y - 48. Let b = 17 - y. Let r = -26 - b. What is the remainder when r is divided by 14?
11
Let v(c) = 18*c + 1. Suppose 4*u = -0*u + 4. What is the remainder when 54 is divided by v(u)?
16
Let h(k) be the first derivative of -k**4/4 - 5*k**3/3 - k**2 - 9*k - 5. What is the remainder when h(-6) is divided by 20?
19
Suppose 0 = 5*d - 4*p - 800, -5*d + 4*p - 5*p + 825 = 0. Calculate the remainder when d is divided by 33.
32
Let i(u) = 2 - 2 + 3*u + u**2 - 1. Let n be i(-4). Suppose 0 = n*d - 4*d + 15. What is the remainder when 28 is divided by d?
13
Suppose -2*c - 3*c - 5 = 0. Suppose 3*q - 2*a = 71, 45 = 4*q - 5*a - 52. What is the remainder when 41 + 2 + 2 + c is divided by q?
21
Let z(s) = 18*s - 11. Calculate the remainder when z(2) is divided by 18.
7
Suppose l + 5*s + 19 = 0, -5*l + l - 4*s - 28 = 0. Let t(z) = 2*z**2 + 6*z + 6. What is the remainder when 25 is divided by t(l)?
11
Suppose 2*u - 39 - 43 = 0. Let y be 10/35 + (-276)/(-14). Suppose y + 8 = 2*n. Calculate the remainder when u is divided by n.
13
Suppose 0 = 3*g + g - 72. What is the remainder when 2/(-8) - (-281)/4 is divided by g?
16
Let n = 100 - 67. Let y = -45 - -23. Let c = n + y. Calculate the remainder when 32 is divided by c.
10
Let l(p) = -p**3 - p**2 + p + 7. Let o be l(0). Let r = -6 + o. Let u = 3 - 2. What is the remainder when u is divided by r?
0
Let j be ((-6)/(-9))/((-1)/3). Let d(f) = f**2 - 6*f - 8. What is the remainder when -30*(j/(-4) + -1) is divided by d(8)?
7
Let s = 136 - 93. Calculate the remainder when s is divided by 12.
7
Suppose 2*d + 2*d = 5*i - 1, 3*d = -2*i + 28. Calculate the remainder when 11 is divided by d.
5
Suppose -8*v + 6*v = -4. Calculate the remainder when 6 is divided by v.
0
Let w be (-1)/3 - (-10)/3. Let h be ((-13)/w)/(3/(-18)). Let t = h - 15. What is the remainder when t is divided by 4?
3
Let r(y) = 2*y - 4. Let m be r(6). Let s(w) be the second derivative of -w**4/12 + 11*w**3/6 + 5*w**2/2 - 2*w. What is the remainder when s(m) is divided by 10?
9
Suppose -q + u + 42 = -0*u, -5*u = 3*q - 142. Calculate the remainder when q is divided by 2/8 - 35/(-4).
8
Let k = -47 + 67. What is the remainder when 55 is divided by k?
15
Let d = 6 + -2. Suppose 0*v + 4 = d*v. Suppose 0 = -2*o - 4, 4 - 5 = k + o. What is the remainder when k is divided by v?
0
Let a(f) be the second derivative of f**3 - 2*f**2 - 3*f. What is the remainder when 26 is divided by a(3)?
12
What is the remainder when 76 - ((-2)/(-2) + 0) is divided by -12*(-3)/6 - -13?
18
Let f = 31 + -14. What is the remainder when 32 is divided by f?
15
Suppose -4*k - 3 = -135. Let q = 53 - k. Calculate the